/24*x**4 + 1/120*x**6 + 3*x**2 + 0*x + 0*x**3. What is c(-4)?
-4
Let y be -2*(4/2 + -1). Let l(q) = 15*q**2 - 13*q - 11. Let p(n) = -7*n**2 + 6*n + 5. Let v(r) = 6*l(r) + 13*p(r). Determine v(y).
-5
Let n(r) = -r**2 + 2*r + 1. Let x(j) = -3*j**2 + 4*j + 2. Let u(w) = 5*n(w) - 2*x(w). Calculate u(-4).
9
Let k(r) = -r + 11. Let h be k(6). Let l be 0 + 2/(-3 + h). Let c(n) = 8*n - 1. What is c(l)?
7
Let f be 4/10 + (-52)/(-20). Let s(v) = v + 0*v + 2 + 3 - f. What is s(4)?
6
Let v(o) be the first derivative of o**4/24 + o**3/2 - o**2/2 - 3. Let g(k) be the second derivative of v(k). What is g(-3)?
0
Let s(r) = -r**3 + 3*r**2 + 6*r - 5. Let h be s(4). Suppose l + 5*t + 5 = -h, 2*t - 6 = -5*l. Suppose l = -2*o - 4. Let w(u) = u**2. What is w(o)?
9
Suppose x + 3*x = -20. Let g(a) = -a - 6. Let t(u) = -2*u - 13. Let s(q) = -7*g(q) + 3*t(q). Determine s(x).
-2
Let i(f) be the third derivative of f**5/60 + f**4/8 - f**3/3 - 3*f**2. What is i(3)?
16
Let v(a) be the first derivative of -a**2/2 + a + 1. Let j = -3 + -2. Determine v(j).
6
Suppose -7 = -2*v - 5*v. Let c(k) = 10*k**2. Determine c(v).
10
Suppose -5 = -z + 5*h, -3*h - 22 = 4*z + 4. Let u(r) = -2*r - 2. Calculate u(z).
8
Suppose 7*n - 38 - 18 = 0. Let f(c) = -c - c + 4 + c. What is f(n)?
-4
Let n(o) be the first derivative of 4*o + 1/3*o**3 + 7/2*o**2 - 3. Give n(-6).
-2
Suppose -3*o + 8 = -4. Let k(j) = -j**2 - 3 + j - o*j + 0. Give k(-3).
-3
Let g(f) = -f**2 - 7*f - 7. Let l = 5 + -3. Suppose -b - 3 = -2*t, l*b = -2*t - 10 - 2. Give g(b).
3
Let x(y) = -y**2 - 6*y - 1. Let z(b) = b**2 + 6*b - 9. Let n be z(-8). Let w = n - 13. Determine x(w).
-1
Let h(v) be the third derivative of -v**4/24 + 11*v**3/6 - 7*v**2. Let u be h(10). Let z(f) = 2*f**2 - f. Give z(u).
1
Let l be 10 - 13 - 1/1. Let x(j) = j**2 + 4*j - 5. Give x(l).
-5
Let d(j) = 1 + j + j**2 - 2*j - 2*j + 2*j. Calculate d(2).
3
Suppose p + 75 = 21. Let b be (p/24)/(6/16). Let f(q) = -q - 7. Determine f(b).
-1
Let v(n) = -n**2 + n + 5. Let k(a) = -a. Let s(r) = -4*k(r) + v(r). What is s(7)?
-9
Let b = -90 - -96. Let x(k) = 2*k**2 + 5*k + 4. Let u(g) = -3*g**2 - 5*g - 5. Let s(j) = 3*u(j) + 4*x(j). Calculate s(b).
-5
Let q(j) be the second derivative of -2*j + 0 + 1/2*j**2 - 1/6*j**3 + 1/3*j**4. Suppose 0 = u - 2*v - 5, 2*u + 2 - 8 = 2*v. Calculate q(u).
4
Suppose 3*z + 3*i + 15 = 0, z + 2*i + 4 = -0*z. Let n(r) = r**2 + 6*r + 8. Calculate n(z).
8
Let q = 4 - -1. Let y be 4/(-10) - 23/q. Let x(l) = l**3 + 6*l**2 + 6*l + 1. Give x(y).
-4
Let n = -2 + -3. Let k(p) = p + 2. What is k(n)?
-3
Suppose j + 2*j = 0. Let d(u) = u - 2. Let w be d(9). Let f(v) = -2*v + w - v + 4*v. Calculate f(j).
7
Let q(m) = -7*m**2 - 7*m - 4 - m**3 + 0*m**2 - 4 + 1. Let d be q(-6). Let g(h) = 7*h - 1. Give g(d).
-8
Let w(k) = 6*k. Let z(x) = -7*x - 1. Suppose -4*s - 27 = -b, 0 = 4*b + 7 - 19. Let y(q) = s*w(q) - 5*z(q). Give y(0).
5
Let s(v) = -v**3 + 4*v**2 + 2*v - 6. Suppose 0 = -3*c + 6 + 6. Give s(c).
2
Let o(s) = s + 9. Suppose -2*i + 41 = 3*n, -3*n - 5*i + 44 = -0*i. Suppose n = -3*q - f, 3*q + 5 = -5*f - 0. Give o(q).
4
Let j(y) = -y**3 - 3*y**2 + y - 3. Suppose -m + 0 = 4*b + 7, 10 = -3*m - b. Let a be j(m). Let w(i) = i**3 + 7*i**2 + 5*i - 5. Give w(a).
1
Let d(a) = -a**3 + 4*a**2 - 2*a. Suppose 4*z + z - n - 15 = 0, 12 = z - 2*n. Suppose -2*k = -z*y + 7 + 7, -k = -5*y + 19. Determine d(y).
3
Let y be 3/(3/(-2)*1). Let s(p) = 2*p + 1. Let j(q) = 7*q + 4. Let u(a) = -j(a) + 3*s(a). Give u(y).
1
Let n(q) = -5*q - 2. Let l(r) = -r + 1. Let t(m) = 6*l(m) - n(m). Calculate t(6).
2
Let i(g) = 156*g**2 + 1 + 3*g - 2*g - 157*g**2. Calculate i(-1).
-1
Let w(n) = -9*n. Suppose 4*b - 9 = 3. Suppose -4*l = b*l + 7. What is w(l)?
9
Let t(d) = 2*d. Let l = 4 + 4. Let x = l - 6. Give t(x).
4
Suppose -3*h = h - 12. Let n(o) = -5*o**2 + 1. Let b(r) = -4*r**2 + 1. Let y(p) = -4*b(p) + 3*n(p). What is y(h)?
8
Let o(d) = d**3 + 6*d**2 - 8*d - 3. Let z = -21 + 14. Give o(z).
4
Suppose 2*b - 12 = -b. Let y = 0 - b. Let p = 8 + y. Let q(r) = -r**3 + 5*r**2 - 3*r - 1. Determine q(p).
3
Let v(u) = -7*u**2 - 3*u + 2. Let m(j) = -j**2. Suppose -8 = -5*l + 3*a - 0, 32 = 3*l + 5*a. Let c be (-2)/(-2)*(3 - l). Let z(h) = c*v(h) + 6*m(h). Give z(-3).
-2
Let f(q) = q - 10. Let c be f(9). Let a(v) = -9*v**2 - v - 1. What is a(c)?
-9
Let f be 6/33 + 35/(-11). Suppose 10 = 4*u + u. Let a(r) = -r**2 + 2*r. Let t(h) = -3*h**2 + 4*h + 1. Let g(n) = u*t(n) - 5*a(n). Determine g(f).
-1
Let y(h) be the first derivative of h**4/4 + 5*h**3/3 + 5*h**2/2 + 4*h + 3. Suppose -4*m = 3*w, w + 25 = -3*w + 3*m. Give y(w).
0
Let g(y) = 5*y**3 - y**2 + y - 1. Let u be g(1). Let r be ((-2)/5)/(u/(-40)). Let j(b) = b**2 - 5*b. Determine j(r).
-4
Let s(n) = n**2 - 3*n + 3. Let a be s(3). Suppose 15 = 4*l + a. Let r(v) = 5*v - l*v + v**2 - 4 + 2. What is r(-3)?
1
Let j(c) = -c**2 + 2*c + 4. Let o(u) = 4*u**2 - 3*u + 2. Let k be o(1). Calculate j(k).
1
Let z = -12 + 17. Suppose 0 = z*u - 3*u - 4. Let v(t) be the first derivative of t**4/4 - 4*t**3/3 + t**2 + 2*t + 4. Determine v(u).
-2
Let a(r) = -r**2 + r - 1 - 9*r + 4*r. Calculate a(-3).
2
Suppose 5*q + 20 = g, 0 = 2*q + 2*g + 7 + 13. Let y(n) = n**3 + 6*n**2 + 5*n + 6. What is y(q)?
6
Let u(g) = -g**3 + 5 - 7*g + 0*g**2 + 6*g**2 + 3*g**3 - 3*g**3. Suppose -5*x - 57 = 4*h, -2*x = x + h + 30. Let p be -3 - (x - (-4 + 2)). What is u(p)?
9
Suppose -2*q = -4*o - 0*q + 20, -o = 2*q. Let m(w) be the second derivative of 3*w**2 + 1/12*w**o + 0 + w**3 - w. Give m(-4).
-2
Suppose 0 = 3*f + 2*f. Let g(p) = -3*p + 2. Let t(q) = -q - 1. Let a(y) = -g(y) + 2*t(y). Give a(f).
-4
Let k(n) = 2*n + 2 + 0*n - 3. Let h = -12 - -11. What is k(h)?
-3
Let l(d) be the third derivative of -d**4/12 + d**3/3 + 4*d**2 - 1. Determine l(3).
-4
Let l be (-44)/8*(-4)/(-2). Let w(u) = u**3 + 12*u**2 + 11*u + 1. Calculate w(l).
1
Let b = 37 - 38. Let u(c) = -2*c - 2*c - 2*c. Give u(b).
6
Let z(j) = j**3 + 7*j**2 - 2*j - 10. Let h be z(-7). Let x(y) = y - 2. Calculate x(h).
2
Let z(d) = d**2 + 13*d + 16. Let q be z(-12). Suppose 0 = -2*o - q*a + 6, 5*a + 0 = -5. Let g(k) = -k**2 + 3*k + 4. What is g(o)?
-6
Let t(o) = -3*o - o**2 + 6 + 0 + 6 - 7. Calculate t(-4).
1
Let k(d) = 5*d**3 - 5*d**2 + 6*d - 7. Let u(v) = 14*v**3 - 14*v**2 + 17*v - 20. Let w(s) = -17*k(s) + 6*u(s). Give w(0).
-1
Let s(y) = -6 + 0*y**2 + 3*y - y + 4 + y**2. Give s(-3).
1
Let q(l) = -1. Let g(s) = s + 7. Let b = 3 + -2. Let y(m) = b*g(m) + 6*q(m). Calculate y(5).
6
Let t(j) = j + 4. Suppose -3*b - 4*i - 27 = -i, 2*b = -4*i - 28. What is t(b)?
0
Let l(n) = 28*n**2 - 2*n + 1 - 27*n**2 + 11*n. What is l(-6)?
-17
Let y(h) = 4*h**3 - h**2 - 3*h + 1. Let t be y(2). Let u = 27 - t. Let m(j) = j**2 - 2*j. Determine m(u).
8
Let g(u) = -1 - 7*u**2 + 7*u**2 + u**3. Determine g(-2).
-9
Let o(d) = -1 + 1 - 6*d**2 + 8*d + d**3 - 15*d. Determine o(7).
0
Let t(p) = -p**3 - 2*p**2 + 5*p - 1. Let b be t(-4). Let l = -7 + b. Let n(y) = -y + 4. Determine n(l).
0
Let x(p) = 6*p - 1. Suppose 4*z - 10 + 2 = 0. Give x(z).
11
Let m(x) = x**2 + 4*x - 6. Suppose 3*h = 2*u - 27, 2*u + 3*u - 22 = h. Determine m(h).
15
Let q(i) = 3*i**2 - 2*i - 2. Suppose 4*d - 22 = -5*c + 4, -16 = -2*c - 3*d. Give q(c).
6
Let x be -5 - (2 + 6)/(-4). Suppose -6*m = -4*m - 4. Let n(g) = -2*g - 2 - m*g + 3*g. Calculate n(x).
1
Let u(p) = -p + 2. Suppose -18 = -4*t - 38. Determine u(t).
7
Let b(q) = -3*q + 4. Let f be b(3). Let z(n) = -3*n - 2. Give z(f).
13
Let z(l) = l - 12. Suppose 2*j + 0*j - 22 = 0. Give z(j).
-1
Let f(b) be the first derivative of b**6/120 + b**5/10 + 7*b**4/24 + 5*b**3/6 + 3*b**2/2 - 3. Let i(t) be the second derivative of f(t). Determine i(-4).
9
Let i be 3 - 9 - -3 - 0. Let s(u) be the third derivative of u**5/60 + u**4/6 + u**3/2 + u**2. Calculate s(i).
0
Let a(x) = -2*x**3 + x**2 + 2*x**2 - x + 4*x**2 + 8 + x**3. Give a(7).
1
Let u = 100 + -110. Let n(w) = w**2 + 10*w + 11. Determine n(u).
11
Let c(r) = 8*r - 1. Let f(t) = -t. Let s(p) = -c(p) - 6*f(p). Let g be (4/(-6))/2*69. Let q = g + 25. Calculate s(q).
-3
Let o(p) = 3*p. Let r(y) = 9*y - 1. Let j(u) = 7*o(u) - 2*r(u). Give j(-3).
-7
Let g(j) = j**2 + j. Let u(r) = r**3 + 2*r**2 + 11*r - 3. Suppose 4*s - 2*v + v + 19 = 0, 5*s + v + 35 = 0. Let a(b) = s*g(b) + u(b). Determine a(3).
